46612153?
4
What is the millions digit of 414047979?
4
What is the tens digit of 468100157?
5
What is the hundred millions digit of 1342725803?
3
What is the hundred thousands digit of 3903689185?
6
What is the tens digit of 945312000?
0
What is the ten millions digit of 724805734?
2
What is the tens digit of 3621759803?
0
What is the hundreds digit of 19522534?
5
What is the ten millions digit of 172087444?
7
What is the units digit of 824156774?
4
What is the units digit of 7807505498?
8
What is the ten thousands digit of 1538409454?
0
What is the tens digit of 17481989?
8
What is the hundreds digit of 137570300?
3
What is the units digit of 3757293584?
4
What is the hundred thousands digit of 3795228839?
2
What is the ten thousands digit of 2054643943?
4
What is the ten millions digit of 29323696?
2
What is the millions digit of 59492552?
9
What is the ten millions digit of 42179394?
4
What is the millions digit of 180159742?
0
What is the millions digit of 2618333470?
8
What is the ten millions digit of 216988761?
1
What is the millions digit of 190132930?
0
What is the thousands digit of 30012253?
2
What is the ten millions digit of 518082373?
1
What is the tens digit of 286181946?
4
What is the millions digit of 69601777?
9
What is the tens digit of 2659095642?
4
What is the hundred thousands digit of 145876188?
8
What is the ten thousands digit of 5584512211?
1
What is the hundreds digit of 952953975?
9
What is the tens digit of 87347900?
0
What is the ten thousands digit of 60654431?
5
What is the ten millions digit of 214997340?
1
What is the hundreds digit of 172696398?
3
What is the ten millions digit of 87276416?
8
What is the hundred thousands digit of 19310891?
3
What is the ten thousands digit of 837742826?
4
What is the millions digit of 2194675147?
4
What is the millions digit of 700832686?
0
What is the millions digit of 49010002?
9
What is the hundred thousands digit of 1267767561?
7
What is the millions digit of 13585098?
3
What is the hundred thousands digit of 2162418993?
4
What is the units digit of 69363220?
0
What is the hundreds digit of 281711617?
6
What is the hundred millions digit of 108313784?
1
What is the tens digit of 24200112?
1
What is the millions digit of 148656690?
8
What is the tens digit of 394896226?
2
What is the ten millions digit of 31415503?
3
What is the ten millions digit of 16386964?
1
What is the hundred millions digit of 168712101?
1
What is the units digit of 825463050?
0
What is the ten millions digit of 3904760689?
0
What is the hundreds digit of 189756093?
0
What is the ten millions digit of 97509342?
9
What is the thousands digit of 2139664734?
4
What is the ten thousands digit of 31423304?
2
What is the ten thousands digit of 46905063?
0
What is the hundreds digit of 22057843?
8
What is the tens digit of 2418213486?
8
What is the units digit of 757152404?
4
What is the ten thousands digit of 66762745?
6
What is the hundreds digit of 13867833?
8
What is the hundred millions digit of 173659465?
1
What is the units digit of 1811017114?
4
What is the thousands digit of 1358941494?
1
What is the tens digit of 1454778603?
0
What is the tens digit of 31070800?
0
What is the hundred millions digit of 1399044005?
3
What is the hundred thousands digit of 923527947?
5
What is the tens digit of 217167509?
0
What is the hundred thousands digit of 393711533?
7
What is the hundred thousands digit of 272334643?
3
What is the hundred millions digit of 671693788?
6
What is the ten millions digit of 104337558?
0
What is the billions digit of 2339416889?
2
What is the hundreds digit of 17962697?
6
What is the tens digit of 376616492?
9
What is the units digit of 192667358?
8
What is the hundred thousands digit of 694643279?
6
What is the units digit of 49212233?
3
What is the hundreds digit of 4120132057?
0
What is the thousands digit of 3541998?
1
What is the tens digit of 49317044?
4
What is the hundreds digit of 121237822?
8
What is the thousands digit of 8839611?
9
What is the billions digit of 1252660952?
1
What is the tens digit of 659879822?
2
What is the thousands digit of 80982458?
2
What is the billions digit of 2399153277?
2
What is the thousands digit of 30553465?
3
What is the tens digit of 2185699350?
5
What is the thousands digit of 474554129?
4
What is the ten millions digit of 19073077?
1
What is the ten millions digit of 142910276?
4
What is the hundreds digit of 165038738?
7
What is the ten millions digit of 1411979229?
1
What is the millions digit of 44850462?
4
What is the hundreds digit of 43450177?
1
What is the billions digit of 2954034833?
2
What is the hundred thousands digit of 3543270203?
2
What is the hundreds digit of 4513931859?
8
What is the hundred millions digit of 157044105?
1
What is the ten thousands digit of 2200169508?
6
What is the millions digit of 212808115?
2
What is the tens digit of 82726581?
8
What is the hundreds digit of 1879570210?
2
What is the hundred thousands digit of 5807129?
8
What is the tens digit of 76625676?
7
What is the ten thousands digit of 470616710?
1
What is the millions digit of 906301828?
6
What is the hundred millions digit of 385318070?
3
What is the hundreds digit of 258669447?
4
What is the units digit of 1058824564?
4
What is the millions digit of 88070865?
8
What is the hundreds digit of 83280917?
9
What is the hundreds digit of 29273513?
5
What is the tens digit of 3599476464?
6
What is the hundreds digit of 49536957?
9
What is the millions digit of 205507655?
5
What is the ten millions digit of 397116840?
9
What is the thousands digit of 49729587?
9
What is the millions digit of 103478721?
3
What is the ten millions digit of 150667480?
5
What is the millions digit of 963278288?
3
What is the ten millions digit of 76404162?
7
What is the units digit of 361565251?
1
What is the millions digit of 160083306?
0
What is the millions digit of 160842251?
0
What is the hundred thousands digit of 4208069559?
0
What is the billions digit of 2598389494?
2
What is the ten millions digit of 84373279?
8
What is the hundreds digit of 1311621820?
8
What is the billions digit of 2071076538?
2
What is the ten thousands digit of 1225137293?
3
What is the thousands digit of 18066898?
6
What is the millions digit of 2169327?
2
What is the tens digit of 1309820185?
8
What is the ten millions digit of 133827807?
3
What is the ten thousands digit of 69020461?
2
What is the millions digit of 39053213?
9
What is the millions digit of 46780137?
6
What is the ten thousands digit of 282291429?
9
What is the ten millions digit of 1416021276?
1
What is the hundred thousands digit of 36503523?
5
What is the units digit of 547950787?
7
What is the ten thousands digit of 415705628?
0
What is the ten thousands digit of 36201429?
0
What is the hundreds digit of 1034987000?
0
What is the hundreds digit of 1348633979?
9
What is the hundred thousands digit of 85086052?
0
What is the millions digit of 315647311?
5
What is the hundred millions digit of 424224141?
4
What is the hundred millions digit of 1592089895?
5
What is the hundred millions digit of 770599245?
7
What is the units digit of 339749371?
1
What is the tens digit of 157574517?
1
What is the units digit of 843088816?
6
What is the thousands digit of 2554105197?
5
What is the thousands digit of 115395512?
5
What is the units digit of 1285298105?
5
What is the thousands digit of 35469856?
9
What is the millions digit of 6966336?
6
What is the ten millions digit of 615931626?
1
What is the ten thousands digit of 101374754?
7
What is the millions digit of 82528784?
2
What is the thousands digit of 79761633?
1
What is the ten millions digit of 236231540?
3
What is the thousands digit of 2403526131?
6
What is the ten millions digit of 26766142?
2
What is the tens digit of 276862628?
2
What is the ten thousands digit of 2313729?
1
What is the tens digit of 757243365?
6
What is the ten millions digit of 23822920?
2
What is the ten millions digit of 211783305?
1
What is the units digit of 157304815?
5
What is the ten millions digit of 1406731593?
0
What is the ten millions digit of 6541093952?
4
What is the ten millions digit of 609964117?
0
What is the tens digit of 6442749671?
7
What is the hundred thousands dig